mon divisor of 34 and 19129896.
34
Calculate the highest common factor of 490 and 11890781.
49
Calculate the greatest common divisor of 1109676 and 888801.
1767
Calculate the highest common factor of 249839019 and 54.
27
What is the highest common factor of 103192839 and 84643?
6511
Calculate the greatest common factor of 2737191 and 75.
3
Calculate the greatest common divisor of 13064 and 123561016.
568
Calculate the highest common factor of 599 and 43380179.
599
What is the highest common factor of 686 and 152631?
1
What is the greatest common factor of 107408 and 4562922?
1918
What is the highest common divisor of 22748 and 2557940?
484
Calculate the greatest common factor of 176 and 31358602.
22
What is the greatest common divisor of 3475972 and 8?
4
What is the highest common factor of 465 and 735785?
155
Calculate the highest common divisor of 3512 and 73606252.
1756
Calculate the greatest common factor of 1522139947 and 44277.
14759
Calculate the greatest common divisor of 4933 and 13442.
1
What is the greatest common divisor of 2279 and 22181077?
43
Calculate the greatest common divisor of 3444 and 1790388.
492
What is the greatest common factor of 3730760 and 9730?
1390
What is the greatest common divisor of 9228 and 1915911208?
3076
Calculate the greatest common factor of 10363 and 1086782.
43
Calculate the greatest common factor of 3039012 and 756.
108
What is the highest common divisor of 107 and 61824707?
107
Calculate the highest common factor of 147 and 2096829.
21
What is the highest common divisor of 38856532 and 1144?
572
Calculate the highest common divisor of 663 and 240703.
17
What is the greatest common divisor of 493891 and 2437361?
1783
Calculate the highest common divisor of 3164 and 1447894.
14
Calculate the greatest common divisor of 3723848 and 1200.
8
What is the highest common divisor of 8354013 and 10033?
79
Calculate the highest common divisor of 20359252 and 100396.
5284
What is the greatest common factor of 1798577 and 16192?
253
What is the greatest common divisor of 240 and 91303365?
15
Calculate the greatest common factor of 28823557 and 2087.
2087
Calculate the highest common factor of 2482 and 13598878.
2482
What is the highest common divisor of 2295 and 72?
9
Calculate the highest common divisor of 156513933 and 82.
41
Calculate the greatest common factor of 941325396 and 4059.
1353
Calculate the highest common factor of 7936 and 151094.
62
What is the highest common factor of 342527366 and 82?
82
Calculate the greatest common factor of 108 and 39976119.
27
What is the greatest common divisor of 361460 and 35192?
212
What is the greatest common factor of 24 and 371244?
12
Calculate the highest common divisor of 1011021 and 22.
11
Calculate the greatest common factor of 516200 and 2731800.
5800
What is the greatest common divisor of 379979760 and 144?
48
What is the highest common factor of 24339498 and 24?
6
Calculate the greatest common divisor of 3429169 and 206352.
1433
Calculate the greatest common divisor of 4687 and 42220496.
4687
What is the highest common factor of 27876750 and 269390?
3410
Calculate the highest common factor of 936 and 2717.
13
Calculate the greatest common factor of 255 and 2203605.
15
What is the greatest common divisor of 708000 and 5475?
75
Calculate the highest common divisor of 818275 and 3053.
71
What is the greatest common divisor of 2457 and 4884165?
351
Calculate the greatest common divisor of 30120 and 285300405.
3765
Calculate the highest common factor of 23117554 and 4382.
626
What is the greatest common factor of 1722 and 28701148?
574
Calculate the greatest common divisor of 354389007 and 95.
19
Calculate the highest common divisor of 696957 and 4698.
87
What is the highest common factor of 49950 and 58650?
150
Calculate the highest common factor of 2052 and 1439244.
36
What is the greatest common factor of 13225 and 4140?
115
Calculate the highest common divisor of 22971 and 2133.
3
Calculate the greatest common factor of 2268015 and 111.
3
What is the highest common factor of 5509476 and 924?
84
Calculate the highest common divisor of 222970044 and 198.
66
What is the highest common factor of 540 and 682115?
5
Calculate the highest common factor of 14552 and 26966964.
68
Calculate the highest common factor of 464 and 73811989.
29
Calculate the greatest common factor of 327099 and 32742.
321
Calculate the greatest common factor of 3152 and 156656.
16
Calculate the highest common divisor of 38585123 and 415.
83
What is the greatest common divisor of 12749525 and 154225?
775
What is the highest common divisor of 714 and 7819098?
42
What is the greatest common factor of 4463190 and 42717?
1473
What is the greatest common factor of 7921 and 617660?
89
Calculate the greatest common divisor of 7520 and 41820224.
1504
Calculate the highest common factor of 162124988 and 34.
34
Calculate the greatest common factor of 1405754 and 17178.
14
Calculate the highest common factor of 5608904 and 32.
8
What is the greatest common factor of 349 and 28551?
1
What is the greatest common divisor of 105 and 658602645?
15
What is the greatest common factor of 259378 and 202706?
14
What is the greatest common factor of 447300696 and 74?
74
Calculate the highest common divisor of 148012774 and 1748.
874
What is the highest common divisor of 382280040 and 600?
120
What is the highest common factor of 19 and 160128238?
19
What is the highest common factor of 18275 and 3570?
85
What is the highest common divisor of 18018138 and 5626?
194
Calculate the highest common divisor of 1598 and 247129.
17
Calculate the greatest common factor of 140112 and 65756313.
8757
Calculate the greatest common factor of 762951628 and 6212.
6212
Calculate the greatest common factor of 26869126 and 2666.
62
Calculate the greatest common factor of 840 and 6002640.
840
What is the highest common divisor of 4536 and 12078648?
72
Calculate the highest common divisor of 9768 and 4437336.
888
What is the highest common factor of 24447 and 465711?
87
Calculate the highest common factor of 415349 and 671.
671
What is the highest common factor of 8973 and 1212507?
9
Calculate the highest common divisor of 3170918 and 7567.
23
Calculate the highest common divisor of 6170855 and 429895.
3385
Calculate the highest common divisor of 20 and 59470676.
4
Calculate the highest common divisor of 24638 and 15908.
194
Calculate the greatest common factor of 91494 and 7705230.
1794
Calculate the highest common factor of 245 and 13664385.
245
What is the greatest common factor of 5179456 and 64?
64
What is the greatest common factor of 44 and 1335323?
11
Calculate the greatest common factor of 206504 and 5199920.
2488
Calculate the greatest common factor of 242 and 1864456.
22
What is the highest common divisor of 325 and 4566211?
13
Calculate the highest common factor of 278615970 and 270.
270
What is the highest common factor of 496 and 197488?
16
What is the highest common divisor of 3855753 and 141372?
1683
What is the greatest common factor of 46651878 and 1197?
1197
Calculate the highest common factor of 630 and 720350190.
630
Calculate the greatest common factor of 9214104 and 655320.
3048
Calculate the highest common divisor of 1466351957 and 413.
413
What is the highest common factor of 590480 and 173624?
88
What is the greatest common factor of 5138667 and 2241?
27
Calculate the greatest common divisor of 1534694 and 67102.
14
What is the highest common divisor of 8272 and 13945464?
376
Calculate the greatest common factor of 2288 and 9384386.
22
What is the greatest common divisor of 1382444 and 22407?
679
What is the greatest common factor of 8712 and 33671?
11
What is the highest common factor of 608264811 and 3927?
3927
What is the greatest common factor of 94163 and 1955?
17
Calculate the greatest common divisor of 90 and 292833195.
15
Calculate the highest common divisor of 8756649 and 169884.
1089
Calculate the greatest common divisor of 53307 and 2208.
3
Calculate the highest common factor of 1640712 and 2679720.
3288
What is the greatest common divisor of 2859879 and 51559?
1097
Calculate the highest common factor of 1675550 and 1504.
94
What is the highest common divisor of 2030 and 16378330?
290
Calculate t